{"id":11,"date":"2013-02-02T17:36:16","date_gmt":"2013-02-02T17:36:16","guid":{"rendered":"https:\/\/photonet.hu\/online\/?page_id=11"},"modified":"2026-04-09T13:35:37","modified_gmt":"2026-04-09T11:35:37","slug":"kapcsolat","status":"publish","type":"page","link":"https:\/\/photonet.hu\/online\/kapcsolat\/","title":{"rendered":"Kapcsolat"},"content":{"rendered":"<p>Photonet &#8211; online fot\u00f3s magazin<\/p>\n<p>F\u0151szerkeszt\u0151: Steiner G\u00e1bor<br \/>\ntel: +36 30 680-0861<br \/>\nemail: <a href=\"mailto:info@photonet.hu\">info@photonet.hu<\/a><\/p>\n<p>Szerkeszt\u0151 \/ IT: Luk\u00e1ts Attila<br \/>\nSzekeszt\u0151: Luk\u00e1ts Eszter<\/p>\n<p>Kiadja: Icon Solution Management Kft.<br \/>\n1113. Budapest<br \/>\nK\u00f6k\u00f6rcsin utca 9.<\/p>\n","protected":false},"excerpt":{"rendered":"<p>Photonet &#8211; online fot\u00f3s magazin F\u0151szerkeszt\u0151: Steiner G\u00e1bor tel: +36 30 680-0861 email: info@photonet.hu Szerkeszt\u0151 \/ IT: Luk\u00e1ts Attila Szekeszt\u0151: Luk\u00e1ts Eszter Kiadja: Icon Solution Management Kft. 1113. Budapest K\u00f6k\u00f6rcsin utca 9.<\/p>\n","protected":false},"author":1,"featured_media":0,"parent":0,"menu_order":0,"comment_status":"open","ping_status":"open","template":"","meta":{"footnotes":""},"class_list":["post-11","page","type-page","status-publish"],"yoast_head":"<!-- This site is optimized with the Yoast SEO plugin v27.4 - https:\/\/yoast.com\/product\/yoast-seo-wordpress\/ -->\n<title>Kapcsolat - Photonet<\/title>\n<meta name=\"robots\" content=\"index, follow, max-snippet:-1, max-image-preview:large, max-video-preview:-1\" \/>\n<link rel=\"canonical\" href=\"https:\/\/photonet.hu\/online\/kapcsolat\/\" \/>\n<meta property=\"og:locale\" content=\"hu_HU\" \/>\n<meta property=\"og:type\" content=\"article\" \/>\n<meta property=\"og:title\" content=\"Kapcsolat - Photonet\" \/>\n<meta property=\"og:description\" content=\"Photonet &#8211; online fot\u00f3s magazin F\u0151szerkeszt\u0151: Steiner G\u00e1bor tel: +36 30 680-0861 email: info@photonet.hu Szerkeszt\u0151 \/ IT: Luk\u00e1ts Attila Szekeszt\u0151: Luk\u00e1ts Eszter Kiadja: Icon Solution Management Kft. 1113. Budapest K\u00f6k\u00f6rcsin utca 9.\" \/>\n<meta property=\"og:url\" content=\"https:\/\/photonet.hu\/online\/kapcsolat\/\" \/>\n<meta property=\"og:site_name\" content=\"Photonet\" \/>\n<meta property=\"article:publisher\" content=\"https:\/\/www.facebook.com\/photonet.hu\" \/>\n<meta property=\"article:modified_time\" content=\"2026-04-09T11:35:37+00:00\" \/>\n<meta name=\"twitter:card\" content=\"summary_large_image\" \/>\n<meta name=\"twitter:site\" content=\"@photonethu\" \/>\n<meta name=\"twitter:label1\" content=\"Becs\u00fclt olvas\u00e1si id\u0151\" \/>\n\t<meta name=\"twitter:data1\" content=\"1 perc\" \/>\n<script type=\"application\/ld+json\" class=\"yoast-schema-graph\">{\"@context\":\"https:\\\/\\\/schema.org\",\"@graph\":[{\"@type\":\"WebPage\",\"@id\":\"https:\\\/\\\/photonet.hu\\\/online\\\/kapcsolat\\\/\",\"url\":\"https:\\\/\\\/photonet.hu\\\/online\\\/kapcsolat\\\/\",\"name\":\"Kapcsolat - Photonet\",\"isPartOf\":{\"@id\":\"\\\/#website\"},\"datePublished\":\"2013-02-02T17:36:16+00:00\",\"dateModified\":\"2026-04-09T11:35:37+00:00\",\"breadcrumb\":{\"@id\":\"https:\\\/\\\/photonet.hu\\\/online\\\/kapcsolat\\\/#breadcrumb\"},\"inLanguage\":\"hu\",\"potentialAction\":[{\"@type\":\"ReadAction\",\"target\":[\"https:\\\/\\\/photonet.hu\\\/online\\\/kapcsolat\\\/\"]}]},{\"@type\":\"BreadcrumbList\",\"@id\":\"https:\\\/\\\/photonet.hu\\\/online\\\/kapcsolat\\\/#breadcrumb\",\"itemListElement\":[{\"@type\":\"ListItem\",\"position\":1,\"name\":\"Kezd\u0151lap\",\"item\":\"https:\\\/\\\/photonet.hu\\\/online\\\/\"},{\"@type\":\"ListItem\",\"position\":2,\"name\":\"Kapcsolat\"}]},{\"@type\":\"WebSite\",\"@id\":\"\\\/#website\",\"url\":\"\\\/\",\"name\":\"Photonet\",\"description\":\"Photonet - online fot\u00f3s magazin\",\"publisher\":{\"@id\":\"\\\/#organization\"},\"potentialAction\":[{\"@type\":\"SearchAction\",\"target\":{\"@type\":\"EntryPoint\",\"urlTemplate\":\"\\\/?s={search_term_string}\"},\"query-input\":{\"@type\":\"PropertyValueSpecification\",\"valueRequired\":true,\"valueName\":\"search_term_string\"}}],\"inLanguage\":\"hu\"},{\"@type\":\"Organization\",\"@id\":\"\\\/#organization\",\"name\":\"Photonet\",\"url\":\"\\\/\",\"logo\":{\"@type\":\"ImageObject\",\"inLanguage\":\"hu\",\"@id\":\"\\\/#\\\/schema\\\/logo\\\/image\\\/\",\"url\":\"https:\\\/\\\/photonet.hu\\\/online\\\/wp-content\\\/uploads\\\/2026\\\/02\\\/photonet_lens_shutter_512.png\",\"contentUrl\":\"https:\\\/\\\/photonet.hu\\\/online\\\/wp-content\\\/uploads\\\/2026\\\/02\\\/photonet_lens_shutter_512.png\",\"width\":512,\"height\":512,\"caption\":\"Photonet\"},\"image\":{\"@id\":\"\\\/#\\\/schema\\\/logo\\\/image\\\/\"},\"sameAs\":[\"https:\\\/\\\/www.facebook.com\\\/photonet.hu\",\"https:\\\/\\\/x.com\\\/photonethu\",\"https:\\\/\\\/www.pinterest.com\\\/acsienator\\\/photography\\\/\"]}]}<\/script>\n<!-- \/ Yoast SEO plugin. -->","yoast_head_json":{"title":"Kapcsolat - Photonet","robots":{"index":"index","follow":"follow","max-snippet":"max-snippet:-1","max-image-preview":"max-image-preview:large","max-video-preview":"max-video-preview:-1"},"canonical":"https:\/\/photonet.hu\/online\/kapcsolat\/","og_locale":"hu_HU","og_type":"article","og_title":"Kapcsolat - Photonet","og_description":"Photonet &#8211; online fot\u00f3s magazin F\u0151szerkeszt\u0151: Steiner G\u00e1bor tel: +36 30 680-0861 email: info@photonet.hu Szerkeszt\u0151 \/ IT: Luk\u00e1ts Attila Szekeszt\u0151: Luk\u00e1ts Eszter Kiadja: Icon Solution Management Kft. 1113. Budapest K\u00f6k\u00f6rcsin utca 9.","og_url":"https:\/\/photonet.hu\/online\/kapcsolat\/","og_site_name":"Photonet","article_publisher":"https:\/\/www.facebook.com\/photonet.hu","article_modified_time":"2026-04-09T11:35:37+00:00","twitter_card":"summary_large_image","twitter_site":"@photonethu","twitter_misc":{"Becs\u00fclt olvas\u00e1si id\u0151":"1 perc"},"schema":{"@context":"https:\/\/schema.org","@graph":[{"@type":"WebPage","@id":"https:\/\/photonet.hu\/online\/kapcsolat\/","url":"https:\/\/photonet.hu\/online\/kapcsolat\/","name":"Kapcsolat - Photonet","isPartOf":{"@id":"\/#website"},"datePublished":"2013-02-02T17:36:16+00:00","dateModified":"2026-04-09T11:35:37+00:00","breadcrumb":{"@id":"https:\/\/photonet.hu\/online\/kapcsolat\/#breadcrumb"},"inLanguage":"hu","potentialAction":[{"@type":"ReadAction","target":["https:\/\/photonet.hu\/online\/kapcsolat\/"]}]},{"@type":"BreadcrumbList","@id":"https:\/\/photonet.hu\/online\/kapcsolat\/#breadcrumb","itemListElement":[{"@type":"ListItem","position":1,"name":"Kezd\u0151lap","item":"https:\/\/photonet.hu\/online\/"},{"@type":"ListItem","position":2,"name":"Kapcsolat"}]},{"@type":"WebSite","@id":"\/#website","url":"\/","name":"Photonet","description":"Photonet - online fot\u00f3s magazin","publisher":{"@id":"\/#organization"},"potentialAction":[{"@type":"SearchAction","target":{"@type":"EntryPoint","urlTemplate":"\/?s={search_term_string}"},"query-input":{"@type":"PropertyValueSpecification","valueRequired":true,"valueName":"search_term_string"}}],"inLanguage":"hu"},{"@type":"Organization","@id":"\/#organization","name":"Photonet","url":"\/","logo":{"@type":"ImageObject","inLanguage":"hu","@id":"\/#\/schema\/logo\/image\/","url":"https:\/\/photonet.hu\/online\/wp-content\/uploads\/2026\/02\/photonet_lens_shutter_512.png","contentUrl":"https:\/\/photonet.hu\/online\/wp-content\/uploads\/2026\/02\/photonet_lens_shutter_512.png","width":512,"height":512,"caption":"Photonet"},"image":{"@id":"\/#\/schema\/logo\/image\/"},"sameAs":["https:\/\/www.facebook.com\/photonet.hu","https:\/\/x.com\/photonethu","https:\/\/www.pinterest.com\/acsienator\/photography\/"]}]}},"_links":{"self":[{"href":"https:\/\/photonet.hu\/online\/wp-json\/wp\/v2\/pages\/11","targetHints":{"allow":["GET"]}}],"collection":[{"href":"https:\/\/photonet.hu\/online\/wp-json\/wp\/v2\/pages"}],"about":[{"href":"https:\/\/photonet.hu\/online\/wp-json\/wp\/v2\/types\/page"}],"author":[{"embeddable":true,"href":"https:\/\/photonet.hu\/online\/wp-json\/wp\/v2\/users\/1"}],"replies":[{"embeddable":true,"href":"https:\/\/photonet.hu\/online\/wp-json\/wp\/v2\/comments?post=11"}],"version-history":[{"count":1,"href":"https:\/\/photonet.hu\/online\/wp-json\/wp\/v2\/pages\/11\/revisions"}],"predecessor-version":[{"id":1863,"href":"https:\/\/photonet.hu\/online\/wp-json\/wp\/v2\/pages\/11\/revisions\/1863"}],"wp:attachment":[{"href":"https:\/\/photonet.hu\/online\/wp-json\/wp\/v2\/media?parent=11"}],"curies":[{"name":"wp","href":"https:\/\/api.w.org\/{rel}","templated":true}]}}