{"version":"1.0","provider_name":"Photonet","provider_url":"https:\/\/photonet.hu\/online","title":"Obi van - Photonet","type":"rich","width":600,"height":338,"html":"<blockquote class=\"wp-embedded-content\" data-secret=\"85Swr1knoj\"><a href=\"https:\/\/photonet.hu\/online\/magazin\/tippek\/obi-van\/\">Obi van<\/a><\/blockquote><iframe sandbox=\"allow-scripts\" security=\"restricted\" src=\"https:\/\/photonet.hu\/online\/magazin\/tippek\/obi-van\/embed\/#?secret=85Swr1knoj\" width=\"600\" height=\"338\" title=\"&#8220;Obi van&#8221; &#8212; Photonet\" data-secret=\"85Swr1knoj\" frameborder=\"0\" marginwidth=\"0\" marginheight=\"0\" scrolling=\"no\" class=\"wp-embedded-content\"><\/iframe><script type=\"text\/javascript\">\n\/* <![CDATA[ *\/\n\/*! This file is auto-generated *\/\n!function(d,l){\"use strict\";l.querySelector&&d.addEventListener&&\"undefined\"!=typeof URL&&(d.wp=d.wp||{},d.wp.receiveEmbedMessage||(d.wp.receiveEmbedMessage=function(e){var t=e.data;if((t||t.secret||t.message||t.value)&&!\/[^a-zA-Z0-9]\/.test(t.secret)){for(var s,r,n,a=l.querySelectorAll('iframe[data-secret=\"'+t.secret+'\"]'),o=l.querySelectorAll('blockquote[data-secret=\"'+t.secret+'\"]'),c=new RegExp(\"^https?:$\",\"i\"),i=0;i<o.length;i++)o[i].style.display=\"none\";for(i=0;i<a.length;i++)s=a[i],e.source===s.contentWindow&&(s.removeAttribute(\"style\"),\"height\"===t.message?(1e3<(r=parseInt(t.value,10))?r=1e3:~~r<200&&(r=200),s.height=r):\"link\"===t.message&&(r=new URL(s.getAttribute(\"src\")),n=new URL(t.value),c.test(n.protocol))&&n.host===r.host&&l.activeElement===s&&(d.top.location.href=t.value))}},d.addEventListener(\"message\",d.wp.receiveEmbedMessage,!1),l.addEventListener(\"DOMContentLoaded\",function(){for(var e,t,s=l.querySelectorAll(\"iframe.wp-embedded-content\"),r=0;r<s.length;r++)(t=(e=s[r]).getAttribute(\"data-secret\"))||(t=Math.random().toString(36).substring(2,12),e.src+=\"#?secret=\"+t,e.setAttribute(\"data-secret\",t)),e.contentWindow.postMessage({message:\"ready\",secret:t},\"*\")},!1)))}(window,document);\n\/\/# sourceURL=https:\/\/photonet.hu\/online\/wp-includes\/js\/wp-embed.min.js\n\/* ]]> *\/\n<\/script>\n","thumbnail_url":"https:\/\/photonet.hu\/online\/wp-content\/uploads\/2014\/09\/obi_van_1sorozat_002.jpg","thumbnail_width":800,"thumbnail_height":533,"description":"Hogyan v\u00e1lasszuk ki a t\u00e9m\u00e1hoz legmegfelel\u0151bb optik\u00e1t? Azt, hogy milyen objekt\u00edvet v\u00e1lasztunk a felv\u00e9tel elk\u00e9sz\u00edt\u00e9s\u00e9hez, f\u0151k\u00e9pp az hat\u00e1rozza meg, hogyan is szeretn\u00e9nk megkompon\u00e1lni k\u00e9p\u00fcnket, mit akarunk a szeml\u00e9l\u0151nek elmondani vele. A k\u00e9pet teh\u00e1t a t\u00e9ma megl\u00e1t\u00e1sa ut\u00e1n meg kell tervezn\u00fcnk, azaz a fej\u00fcnkben m\u00e1r l\u00e1tnunk kell a k\u00e9sz fot\u00f3t, miel\u0151tt t\u00e1sk\u00e1nkba ny\u00faln\u00e1nk, hogy a megfelel\u0151 [&hellip;]"}

Hogyan válasszuk ki a témához legmegfelelőbb optikát? Azt, hogy milyen objektívet választunk a felvétel elkészítéséhez, főképp az határozza meg, hogyan is szeretnénk megkomponálni képünket, mit akarunk a szemlélőnek elmondani vele. A képet tehát a téma meglátása után meg kell terveznünk, azaz a fejünkben már látnunk kell a kész fotót, mielőtt táskánkba nyúlnánk, hogy a megfelelő [&hellip;]
